st common divisor of 42 and h.
14
Let b be (77/(-3))/((-17)/51). What is the greatest common divisor of b and 22?
11
Let r(z) = 2*z + 2. Let y be r(5). Let m(n) = 8*n**2 + 4. Let w be m(-4). What is the greatest common factor of y and w?
12
Suppose 4*v + 4*z - 12 = 0, 5*v + 2*z + 2*z - 17 = 0. Let t be (-4)/10 + (-8)/v. Let q be 70/6 + t/(-6). What is the highest common divisor of 132 and q?
12
Suppose -6*r + 8 = -2*r. Suppose 4*z - 2*z = 4*d - 18, -r*d - 5*z = -39. What is the highest common factor of d and 35?
7
Suppose 2*g - 30 = -g. Suppose -3*y + 3*o + 365 = 2*y, 5*y - 2*o - 360 = 0. What is the highest common divisor of g and y?
10
Let g(q) = -q + 3. Let b be g(12). Let t = b + 16. What is the greatest common divisor of 56 and t?
7
Suppose -5*k + 5*z - 50 = 0, z = -4*k - k - 20. Let u be k/(-15)*(-1 - -7). Suppose 34 = u*i + 2. Calculate the highest common divisor of 2 and i.
2
Suppose 0*f + 5*f - 220 = 0. Suppose 3*y + y - f = -4*g, 2 = y - 2*g. Let d = -5 + y. What is the greatest common factor of d and 21?
3
Suppose 2*v - 377 = y, v + 2*y - 168 - 23 = 0. Calculate the highest common factor of v and 21.
21
Let w be -1 + -1 - (-18 + 1). Suppose -5 - w = 5*j, -2*u = 4*j - 64. Calculate the highest common factor of u and 8.
8
Let i = 64 + -114. Let a(g) = -5*g**2 + 7*g. Let b be a(5). Let n = i - b. Calculate the greatest common divisor of n and 8.
8
Suppose 0*f + 3*a = 2*f + 1, a + 5 = -2*f. Let t = f - -1. Let s be t - 0 - (-126)/6. What is the greatest common factor of s and 100?
20
Suppose -2*j + 2 = -8. Let q(x) = x**3 - 7*x**2 + 5*x - 4. Let o be q(6). Let m be 162/(-12)*o/3. What is the highest common factor of j and m?
5
Suppose v + 10 = p, -86 = -3*p - 2*p - 4*v. Let f = p - 9. Let z = -4 - -9. What is the greatest common divisor of f and z?
5
Let b(y) = 12*y + 1. Let o be b(1). Let l = -25 + 48. Let f = l - o. What is the highest common factor of 5 and f?
5
Suppose 3*s = 2*y + 79, 4*s = -5*y + y + 72. What is the highest common factor of s and 161?
23
Let u be (-2)/9 - 2536/(-72). Suppose 24 = -0*t - 3*t. Let o be (-42)/t + (-1)/4. Calculate the greatest common divisor of o and u.
5
Suppose -c = -5 - 155. Suppose o - c = -o. Let d = 0 - -10. Calculate the highest common factor of d and o.
10
Let c be 291/9 + 0 - 24/18. Calculate the greatest common factor of 31 and c.
31
Suppose 4*u + g = 3*u + 8, -2*u - 4*g + 14 = 0. What is the greatest common factor of 99 and u?
9
Let q be (-6)/3*12/(-2). Calculate the highest common factor of 60 and q.
12
Let h(z) be the first derivative of 2*z**3 - z**2 - 2. Let o be h(5). Calculate the highest common factor of o and 20.
20
Let w be 7/2 + -4 + 130/4. What is the greatest common factor of 12 and w?
4
Suppose k - 15 - 58 = -4*l, -4*k = -2*l - 256. Suppose -j = 4*j - k. What is the greatest common divisor of 117 and j?
13
Let r(l) = -l - 1. Let t be r(-1). Suppose -4*m - 4 = 5*h - 3, t = m + 4. Suppose -13 = -h*o + 14. What is the greatest common divisor of 81 and o?
9
Suppose 5*m + 6*n = 2*n + 61, 4*n = 16. What is the greatest common factor of m and 81?
9
Let g(b) = -b**3 - 13*b**2 - 16*b + 7. Let r be g(-12). Calculate the highest common factor of 22 and r.
11
Let q(z) = -z**3 - 4*z**2 - z - 5. Let m be q(-5). Let n be (-80)/m*(-1 + -24). What is the highest common factor of n and 32?
16
Suppose -5*a + 5 = -25. Calculate the highest common divisor of a and 24.
6
Let z = -190 + 259. What is the highest common divisor of 161 and z?
23
Let k(m) = 8*m + 1. Let z be k(2). Let x be (-4)/6 - 112/12. Let h = x + z. Calculate the greatest common factor of 70 and h.
7
Let a(i) = -i**3 + 11*i**2 + 3*i + 14. Let c be a(10). Calculate the highest common divisor of 18 and c.
18
Let l = 13 - 7. Let x be 53/l + (-4)/(-24). What is the greatest common factor of x and 3?
3
Let b be 0 + -2 - (0 + 1). Let n be -2*b/(-3)*-2. Suppose l - n = 6. What is the greatest common factor of l and 30?
10
Suppose -l = -3*v - 0 + 8, 3*v = 5*l + 40. Let p = 11 + l. Suppose -p = n - 5. Calculate the highest common factor of n and 8.
2
Let w(n) = -n**3 - 4*n**2 - 4*n + 4. Let d be w(-6). Calculate the highest common divisor of d and 10.
10
Suppose 0 = -11*f - 25 + 201. Calculate the greatest common divisor of f and 8.
8
Let v be ((-10)/(-9))/5 - (-2128)/63. Calculate the greatest common factor of 102 and v.
34
Let d(z) = 8*z**2 - 8*z + 5. Let v be d(5). Let u(h) = -h**2 + 10*h - 7. Let p be u(8). Let i = p + 6. Calculate the greatest common factor of v and i.
15
Suppose 8*o = 370 + 1806. What is the highest common divisor of o and 16?
16
Let o(g) = -9*g + 9. Let u be o(-10). What is the greatest common factor of 9 and u?
9
Let t = -2 + 6. Calculate the highest common divisor of t and 44.
4
Let o(r) = -2*r**2 + r. Let n be o(1). Let l be ((-33)/(-1 - -4))/n. What is the greatest common factor of 88 and l?
11
Suppose 0 = -119*u + 117*u + 154. What is the highest common factor of u and 7?
7
Suppose 4*p = -2*a + 110, 0*p + 9 = 3*p. Suppose -c + a = 3*x, -5*x + 43 = -3*c - 20. What is the highest common factor of x and 135?
15
Suppose 3*x = 4*t - 49, 3*t - 6*t - 5*x + 44 = 0. What is the greatest common divisor of 39 and t?
13
Suppose 16 = 2*j - 26. Let r be (35/21)/(1/j). Suppose 0*m + w = -2*m + 6, 0 = 4*m - 5*w - 40. What is the greatest common divisor of m and r?
5
Let d be 16/(-12) + 68/6. Calculate the highest common divisor of 4 and d.
2
Let w be (-40)/(-7) - 12/(-42). What is the highest common divisor of w and 42?
6
Suppose 3*q - 4*q + 3 = 0. Suppose 10*i - q*d = 5*i + 80, -3*d = -3*i + 54. Let a be (-6)/(-2) + 88*1. What is the highest common factor of i and a?
13
Suppose -5*z + 102 = 3*w, 5*z = -2*w + 61 + 42. Let k = z - 35. Let a be (1 - 0)/((-2)/k). What is the highest common divisor of a and 35?
7
Suppose a + a = 16. Calculate the greatest common factor of a and 64.
8
Let t(w) = -2 + 0*w**2 + 2*w**2 + 3 - 7*w. Let f be t(5). What is the highest common divisor of 40 and f?
8
Let n be 16 + -6*(-5)/(-10). What is the greatest common divisor of 104 and n?
13
Suppose -4*h = -0*h - 192. Suppose 2*j = -2*w + h, -j - j = 5*w - 45. Let u = 179 - j. Calculate the greatest common factor of 14 and u.
14
Let k = -180 - -187. Calculate the highest common divisor of 28 and k.
7
Let y = 49 + -26. Let l(h) = 2*h**2 + 21*h - 6. Let o be l(-14). Calculate the highest common divisor of o and y.
23
Let q be 1 + (23 + 1)/1. Suppose -5 = f + 5*p, 3*p - 6 = -2*f + p. Suppose u = 5*r - f, 4*u - 5*r - 11 = -1. What is the highest common factor of u and q?
5
Let t(m) = 5*m**2 + 8*m - 4. Let a(y) = -4*y**2 - 8*y + 4. Let l(f) = -6*a(f) - 5*t(f). Let j be l(7). What is the greatest common divisor of 24 and j?
3
Let d(l) = 0*l + l**2 - 2*l**2 + 3*l + 6*l. Let g be d(7). What is the highest common factor of g and 70?
14
Let o be 4 + (-5 - 0) - 14/(-2). What is the highest common divisor of o and 18?
6
Suppose -3*m + 20 = -m. Suppose 5*b - 2*k = 131, -5*b + 0*k + k = -128. What is the highest common factor of b and m?
5
Let f = 135 + -194. Let m = -42 - f. Suppose 4*u - 5*u + m = 0. What is the highest common divisor of 187 and u?
17
Suppose 0 = -5*g + 3*g + 72. Suppose -128 = -6*s + 16. Calculate the greatest common divisor of s and g.
12
Suppose -2*q - 13 = -8*c + 3*c, -2*c + 7 = q. Let t be 1 + q - 176/(-1). Let f = t - 122. Calculate the greatest common factor of 8 and f.
8
Let p(z) = 22*z - 1. Let w(o) = 22*o - 2. Let u(h) = -3*p(h) + 2*w(h). Let g be u(-1). Let a = g + -6. Calculate the greatest common factor of a and 5.
5
Suppose 6*s + 357 = 3*i + 3*s, -109 = -i - s. Calculate the highest common factor of i and 38.
38
Suppose -f + 18 = 3*g - 13, 0 = -3*g + 3*f + 51. Suppose -w + 5 = -g. Let u be 134/4 + (-2)/(-4). What is the greatest common factor of u and w?
17
Let z = 6 + -1. Suppose 0 = q - 4, -3*q + 2*q + 14 = 5*k. What is the highest common divisor of z and k?
1
Suppose 0*j + 4*j - 26 = 5*a, -4*a + 12 = 5*j. What is the highest common divisor of j and 28?
4
Suppose 3*q - 7 = -1. Let u(y) = -y**3 + y**2 + 13. Let h be u(0). Suppose -5*a - h + 93 = 0. What is the highest common factor of a and q?
2
Let w be 2 + -6 + 200/10. Calculate the greatest common divisor of w and 8.
8
Let o(a) = -2*a - 3. Let m be o(-6). Let n be -5*(-1 + m/1